s divided by 64?
58
What is the remainder when 144 is divided by 59?
26
What is the remainder when 320 is divided by 25?
20
What is the remainder when 70 is divided by 60?
10
Calculate the remainder when 584 is divided by 127.
76
Calculate the remainder when 16 is divided by 15.
1
Calculate the remainder when 73 is divided by 29.
15
What is the remainder when 37 is divided by 3?
1
What is the remainder when 102 is divided by 24?
6
What is the remainder when 5340 is divided by 5337?
3
Calculate the remainder when 363 is divided by 14.
13
What is the remainder when 182 is divided by 6?
2
What is the remainder when 1170 is divided by 41?
22
Calculate the remainder when 3989 is divided by 32.
21
What is the remainder when 10301 is divided by 101?
100
What is the remainder when 126 is divided by 27?
18
What is the remainder when 183 is divided by 21?
15
What is the remainder when 72 is divided by 27?
18
What is the remainder when 301 is divided by 289?
12
Calculate the remainder when 5800 is divided by 157.
148
Calculate the remainder when 385 is divided by 89.
29
What is the remainder when 602 is divided by 192?
26
What is the remainder when 68 is divided by 14?
12
What is the remainder when 5108 is divided by 131?
130
What is the remainder when 87 is divided by 80?
7
Calculate the remainder when 656 is divided by 20.
16
What is the remainder when 1083 is divided by 512?
59
Calculate the remainder when 253 is divided by 85.
83
Calculate the remainder when 843 is divided by 414.
15
What is the remainder when 597 is divided by 201?
195
Calculate the remainder when 3527 is divided by 63.
62
What is the remainder when 1359 is divided by 431?
66
Calculate the remainder when 415 is divided by 82.
5
Calculate the remainder when 419 is divided by 7.
6
What is the remainder when 252 is divided by 86?
80
What is the remainder when 5844 is divided by 293?
277
What is the remainder when 123 is divided by 26?
19
Calculate the remainder when 2044 is divided by 31.
29
What is the remainder when 1661 is divided by 826?
9
What is the remainder when 1594 is divided by 306?
64
What is the remainder when 45 is divided by 16?
13
What is the remainder when 30740 is divided by 21?
17
What is the remainder when 4569 is divided by 3?
0
Calculate the remainder when 2591 is divided by 72.
71
Calculate the remainder when 544 is divided by 42.
40
What is the remainder when 2057 is divided by 24?
17
Calculate the remainder when 21 is divided by 7.
0
Calculate the remainder when 847 is divided by 53.
52
What is the remainder when 63 is divided by 15?
3
What is the remainder when 179 is divided by 63?
53
Calculate the remainder when 121 is divided by 20.
1
Calculate the remainder when 152 is divided by 55.
42
What is the remainder when 52 is divided by 18?
16
What is the remainder when 2612 is divided by 1299?
14
What is the remainder when 109 is divided by 41?
27
Calculate the remainder when 396 is divided by 21.
18
Calculate the remainder when 16069 is divided by 33.
31
Calculate the remainder when 12402 is divided by 15.
12
Calculate the remainder when 1358 is divided by 265.
33
What is the remainder when 5883 is divided by 69?
18
What is the remainder when 1235 is divided by 139?
123
Calculate the remainder when 447 is divided by 148.
3
What is the remainder when 438 is divided by 17?
13
What is the remainder when 465 is divided by 462?
3
Calculate the remainder when 849 is divided by 172.
161
Calculate the remainder when 1123 is divided by 75.
73
Calculate the remainder when 988 is divided by 11.
9
Calculate the remainder when 641 is divided by 147.
53
Calculate the remainder when 853 is divided by 361.
131
What is the remainder when 370 is divided by 47?
41
What is the remainder when 1592 is divided by 202?
178
What is the remainder when 274 is divided by 93?
88
What is the remainder when 1403 is divided by 19?
16
What is the remainder when 1516 is divided by 100?
16
Calculate the remainder when 2878 is divided by 20.
18
What is the remainder when 108 is divided by 30?
18
Calculate the remainder when 275 is divided by 106.
63
What is the remainder when 797 is divided by 133?
132
What is the remainder when 410 is divided by 124?
38
What is the remainder when 4255 is divided by 129?
127
What is the remainder when 2674 is divided by 103?
99
What is the remainder when 4254 is divided by 224?
222
Calculate the remainder when 521 is divided by 25.
21
What is the remainder when 494 is divided by 71?
68
What is the remainder when 5684 is divided by 27?
14
What is the remainder when 1153 is divided by 21?
19
What is the remainder when 509 is divided by 57?
53
Calculate the remainder when 50 is divided by 25.
0
Calculate the remainder when 5534 is divided by 49.
46
Calculate the remainder when 410 is divided by 22.
14
What is the remainder when 809 is divided by 54?
53
Calculate the remainder when 639 is divided by 315.
9
Calculate the remainder when 348 is divided by 92.
72
Calculate the remainder when 1077 is divided by 40.
37
Calculate the remainder when 5129 is divided by 59.
55
Calculate the remainder when 380 is divided by 186.
8
What is the remainder when 139 is divided by 26?
9
Calculate the remainder when 1075 is divided by 534.
7
What is the remainder when 583 is divided by 280?
23
What is the remainder when 1548 is divided by 111?
105
What is the remainder when 89 is divided by 53?
36
Calculate the remainder when 997 is divided by 306.
79
Calculate the remainder when 130 is divided by 54.
22
Calculate the remainder when 304 is divided by 60.
4
Calculate the remainder when 1229 is divided by 422.
385
Calculate the remainder when 845 is divided by 121.
119
Calculate the remainder when 263 is divided by 11.
10
Calculate the remainder when 312 is divided by 83.
63
Calculate the remainder when 121 is divided by 18.
13
Calculate the remainder when 333 is divided by 13.
8
Calculate the remainder when 620 is divided by 26.
22
What is the remainder when 3189 is divided by 55?
54
Calculate the remainder when 101 is divided by 6.
5
What is the remainder when 101 is divided by 32?
5
Calculate the remainder when 1192 is divided by 169.
9
What is the remainder when 3624 is divided by 145?
144
Calculate the remainder when 508 is divided by 9.
4
Calculate the remainder when 7696 is divided by 51.
46
What is the remainder when 69 is divided by 23?
0
Calculate the remainder when 165 is divided by 84.
81
What is the remainder when 297 is divided by 23?
21
What is the remainder when 613 is divided by 28?
25
Calculate the remainder when 111 is divided by 38.
35
What is the remainder when 1017 is divided by 1007?
10
Calculate the remainder when 200 is divided by 92.
16
Calculate the remainder when 54 is divided by 7.
5
Calculate the remainder when 2701 is divided by 169.
166
Calculate the remainder when 520 is divided by 48.
40
Calculate the remainder when 254 is divided by 75.
29
What is the remainder when 117 is divided by 29?
1
Calculate the remainder when 276 is divided by 73.
57
What is the remainder when 39 is divided by 29?
10
What is the remainder when 209 is divided by 5?
4
What is the remainder when 305 is divided by 142?
21
What is the remainder when 29 is divided by 11?
7
What is the remainder when 139 is divided by 35?
34
What is the remainder when 2957 is divided by 296?
293
Calculate the remainder when 80 is divided by 79.
1
What is the remainder when 390 is divided by 22?
16
Calculate the remainder when 23 is divided by 13.
10
Calculate the remainder when 343 is divided by 85.
3
What is the remainder when 1225 is divided by 386?
67
Calculate the remainder when 156 is divided by 26.
0
What is the remainder when 854 is divided by 57?
56
What is the remainder when 895 is divided by 32?
31
Calculate the remainder when 10163 is divided by 107.
105
What is the remainder when 17205 is divided by 18?
15
Calculate the remainder when 341 is divided by 35.
26
Calculate the remainder when 251 is divided by 81.
8
What is the remainder when 102 is divided by 53?
49
What is the remainder when 510 is divided by 32?
30
What is the remainder when 18 is divided by 11?
7
What is the remainder when 646 is divided by 65?
61
What is the remainder when 1056 is divided by 1045?
11
What is the rema